+ 810. Is j a composite number?
False
Let k(j) = 6736*j**2 - 2*j - 1. Is k(-1) prime?
True
Is (-2 + 0)/((-94)/1316329) composite?
True
Let x(w) = w**3 + 10*w**2 + 18*w + 10. Let q be x(-8). Let t(u) = 3 + 7*u**2 - 2*u + 5*u - 4. Is t(q) a prime number?
True
Let s(r) = -5*r + 338. Let h be s(0). Let q = h - -3. Is q prime?
False
Suppose 8*u = 4*u + 20. Suppose 3*z = 15, -u*o + 722 = 5*z - 778. Is o a composite number?
True
Let u(i) be the second derivative of 13*i**6/720 - 3*i**5/20 - 5*i**4/12 + 5*i. Let b(d) be the third derivative of u(d). Is b(17) prime?
False
Let v(r) = r**2 - 7*r + 9. Let i(z) be the second derivative of -z**4/12 - 11*z**3/6 + z**2 + 7*z. Let o be i(-12). Is v(o) prime?
True
Let k = 12 + -10. Suppose k*r = 8*r - 42. Is r*(61 - (4 + -2)) a prime number?
False
Let t = -9 + 11. Suppose t*i = 2*s + 3*s - 1295, -4*s + 1048 = -4*i. Is s a composite number?
False
Suppose -6*h = -12 - 0. Suppose 2*m - h - 4 = 0, -4*m = 4*b - 2720. Is b a composite number?
False
Let v = -249 - -890. Is v a prime number?
True
Suppose -2*q = -51802 - 50176. Is q prime?
True
Suppose -11*l - 6292 = 6116. Suppose 0 = -4*q - f - 2857, -4*q = -3*f + 1897 + 972. Let n = q - l. Is n prime?
False
Let x = 39 - 39. Suppose 5*g - 5 = 4*m - 0*m, -5*m - g + 1 = x. Is 291 - (m - (-2 + 4)) a composite number?
False
Let p(l) = -3*l**3 - 4 + 2*l**3 + 3*l**2 + 10*l + 3 + l. Let t be p(-6). Let v = 222 + t. Is v composite?
False
Let w(q) = 24*q**3 + 6*q**2 - 111*q + 3. Is w(12) composite?
True
Let x = 199 - 84. Suppose -3*p + 20 + x = 0. Suppose 0 = -n + 4*n - p. Is n a prime number?
False
Suppose 0 = -2*j + 808 + 366. Is j a composite number?
False
Suppose 0 = u - 5, 275 = 2*x - 5*u - 192. Suppose 3*q + x = 3885. Is q prime?
True
Let x(z) = -2*z**3 + 41*z**2 + 3*z - 26. Let q(l) = l**3 - 20*l**2 - l + 13. Let s(k) = -13*q(k) - 6*x(k). Is s(9) prime?
True
Let w = 2376 - 375. Let k = w + -1180. Is k composite?
False
Let o(s) = s**2 + 13*s + 11. Let r(l) = -3*l**2 - 25*l - 22. Let j(p) = 5*o(p) + 2*r(p). Is j(6) prime?
False
Suppose 18733 = 3*i + 3*u - 7*u, -i + 6248 = -5*u. Is i prime?
False
Let z be ((-9)/6)/((-3)/(-36)). Let p = 247 - z. Is p a prime number?
False
Suppose 0 = 4*l - 3 - 13. Is l/8 + (4 - (-13892)/8) prime?
True
Suppose -3*p - 2*b + 39863 = 0, -7*b + 8*b = -5. Is p prime?
True
Suppose 4*y + 4*c + 5496 = 2*y, 2*c - 13680 = 5*y. Let h = 69 - y. Is h prime?
False
Let p(j) = 74*j**3 + 11*j**2 - 23*j + 2. Let o(k) = -25*k**3 - 4*k**2 + 8*k - 1. Let a(h) = -11*o(h) - 4*p(h). Is a(-2) composite?
False
Suppose 4*d = 2*d - 674. Let m = 635 + d. Suppose -u - u = -m. Is u a prime number?
True
Let c = 3194 + 4175. Is c prime?
True
Let j(m) = 8*m**3 + 6*m**2 + 4*m + 1. Let x(a) = -9*a**3 - 7*a**2 - 4*a - 2. Let h(g) = -3*j(g) - 2*x(g). Let v be 0 + -3*(0 - -1). Is h(v) composite?
False
Is (33*1)/(12/(-14088)*-6) a prime number?
False
Let z be -3 + ((-2)/7 - 63/(-49)). Is 1*(z + 1943 - 2) composite?
True
Let l(n) = 3*n**3 + 3*n**2 - 2*n + 19. Let p be 30/(-70) - 59/(-7). Is l(p) composite?
True
Let d(p) = -p**3 + 37*p**2 + 14*p - 43. Is d(16) a prime number?
True
Let u = -981 - -1612. Is u a prime number?
True
Is (-6)/4 + 15850/4 prime?
False
Let j(n) = 6*n**2 - 9*n + 17. Let c be j(9). Suppose c = 2*z - 5*h, 4*z - 844 = 6*h - 4*h. Suppose -5*a = 26 - z. Is a prime?
True
Let f(j) = -16*j - 6. Let g(x) = -x + 1. Let r(s) = -2*f(s) - 18*g(s). Is r(2) prime?
False
Let m be ((-44)/55)/((-4)/(-150)). Is (-20)/m*2553/2 prime?
False
Let z(d) = 9*d**2 + 9*d - 5. Suppose -u + 3*w - 4 = 0, 2*u - w - 15 = 4*u. Is z(u) composite?
False
Suppose -6*d = -t - d - 15, 3*d - 45 = -3*t. Suppose -t*u - 606 + 14216 = 0. Is u prime?
True
Let f(l) = -2*l**3 + 8*l**3 + l - 8*l**3 + l**2. Let u be f(-1). Suppose -4*n - 2*a = -n - 559, 2*a = u*n - 366. Is n prime?
False
Let n be 1/(3*(-4)/(-180)). Suppose 0 = -5*l + n, 0 = -2*z + 3*z + 4*l - 77. Is z prime?
False
Let v(g) = -6*g + 41. Let b(d) = -3*d**2 + 10*d + 7. Let w be b(5). Is v(w) prime?
True
Let x = -250 - -723. Suppose -5*m - 4*v = -4, -5*m - 5*v + 16 = -4*v. Suppose 0 = m*a - x + 37. Is a a composite number?
False
Let g be (-26)/(-22) + 18/(-99). Let c(s) = 2*s - g + 10 - 10*s. Is c(-5) a composite number?
True
Let q be 22*2/16 - 1/(-4). Suppose 0 = q*h - 9*h + 11838. Is h prime?
True
Suppose 9 - 13 = -y. Suppose 3*t - t - 1258 = -l, -y*t + 2516 = 3*l. Is t a composite number?
True
Suppose -7*z + 8*z + 3*v = 22604, 4*z - 90467 = 5*v. Is z a prime number?
True
Let g(t) = -t**3 + 17*t**2 - 6*t - 3. Let h be g(7). Let p be (-15)/(-3)*(h + 2). Suppose -2*i + z + 1490 = -3*z, 3*i + 5*z = p. Is i a composite number?
True
Suppose 0 = 2*s - 11 - 5. Suppose -665 = -13*n + s*n. Is n prime?
False
Suppose -7*k + 2*k + 4*p = -3064, 1248 = 2*k + 4*p. Let u = -439 + k. Is u a composite number?
True
Suppose 0 = -29*v + 28703 + 34488. Is v a composite number?
False
Let y(o) = -o**3 - 4*o**2 - 2*o - 6. Let b be y(-4). Suppose b = 2*h - 8. Suppose -5*a = 4*s - 3411, 4*a - 5*a = -h*s - 688. Is a composite?
False
Suppose -9 = -3*u - 2*w - w, 4*w = 5*u - 15. Let b be (-4 + u)/((-2)/52). Let m = 45 - b. Is m a prime number?
True
Let x = -5 - -4. Let d be 3 - (x - (-1690)/2). Let g = d + 1334. Is g a prime number?
False
Suppose 4*z = -y + 2542, -z + 1904 = 2*z + 2*y. Suppose -4*m + m + z = 0. Is (-13)/39 + m/6 a composite number?
True
Let s(c) = -c**3 - 2*c**2 + c + 3. Let n be s(-2). Is 453 + -8 - (1 + n) prime?
True
Suppose 4*w + 603 - 4635 = -4*c, 4*c + 2*w - 4040 = 0. Suppose -2*l + c + 162 = 0. Is l a composite number?
False
Is (-164130)/(-40)*12/9 a prime number?
True
Suppose -2*q - 2*m + 3646 = 0, -4*q + 5*m + 7292 = -0*m. Is q a prime number?
True
Let b = -1095 + 2947. Suppose -5*q + 0*q = 2*v - 1861, -2*v - 2*q = -b. Is v a prime number?
False
Is (-2)/((-6)/12597) + 33 + -37 a composite number?
True
Let n = 996 - 472. Let t be (-679)/3 - (-1)/3. Let v = t + n. Is v a prime number?
False
Let s be 2 - (-1 + 4 + -583). Let y be (-12 - 2)*s/4. Is (21/9)/((-7)/y) prime?
False
Is 3 - (-20)/(-15)*-4737 a prime number?
False
Let h(m) = -m**2 + 96*m + 66. Is h(41) composite?
True
Let c(f) = -2*f + 21. Let u be c(10). Suppose -u = -n, -8 = -3*x - 2*n - 3*n. Is x/(((-5)/5)/(-439)) a prime number?
True
Let x = 4680 + 443. Is x a composite number?
True
Let y be -1664 + (-12)/(-4) + (4 - 3). Let t = y - -2361. Is t a composite number?
False
Let m = 20866 - 8259. Is m prime?
False
Let r(o) = -778*o + 704. Is r(-29) a prime number?
False
Suppose 0 = -4*p + 16, 6*h = 10*h - p - 22488. Is h a prime number?
True
Suppose -3*y - o + 8461 = 0, -2*y + o - 2819 = -3*y. Suppose -2*x - 303 = -y. Is x a composite number?
False
Suppose -5*j + 87 + 13 = 0. Let z = -50 - -52. Suppose -4*t + z*t = -2*f - 602, -j = -5*f. Is t composite?
True
Suppose 4*i - 4*i = 3*i. Suppose -2*d - 1 = -7. Suppose -5*b + i*b - 5 = 0, 386 = d*o - 5*b. Is o prime?
True
Let v be 1/(-4) + (-141)/12. Is v/32 - 7195/(-8) composite?
True
Suppose 722 = 4*r - 3*v - 749, -v - 1469 = -4*r. Is r prime?
True
Let w be (-1864 - -1)*7/(-7). Suppose -1347 = -6*m + w. Is m composite?
True
Suppose 5*q + 1 - 66 = 0. Let h = 18 - q. Suppose -3*x + 103 = p + p, -h*x + p = -150. Is x composite?
False
Is (257960/100)/((-2)/(-5)) composite?
False
Let v = 69 + -300. Let w = 349 + v. Is w a composite number?
True
Let z = -14 + 101. Suppose -84*y - 2787 = -z*y. Is y prime?
True
Let p(k) = 79*k - 20. Let g be p(10). Let n = g - 361. Is n composite?
False
Let l = 3 + -3. Suppose -d = -l*d. Suppose -4*h - 145 = -2*p - h, -3*p - 4*h + 243 = d. Is p composite?
True
Suppose 6*a + 5*b = 4*a + 55786, b - 4 = 0. Is a a prime number?
True
Let m(i) = 57*i - 3. Let x be m(2). Let g = -62 + x. Is g prime?
False
Let m(j) = j**3 + 7*j**2 + 4*j - 8. Let u be ((-42)/(-18))/((-2)/6). Let t be m(u). Is 3 - (t + 4)*4 prime?
True
Let w(r) = r**3 - r - 1. Let l(s) = 3*s**3 - 6*s**2 - 5*s + 2. Let t(p) = -l(p) + 2*w(p). Let b be t(6). Suppose -3*n + 2*n = -b. Is n a composite number?
True
Suppose -2*w - f + 299 = -2*f, 3 = 3*f. Let v = w - -52. Is v a prime number?
False
Is ((-58)/(-6))/(-3 - 21210/(-7065)) prime?
False
Let y be ((-3)/4)/(2/(-24)). Suppose 2*l = 4*d + 4*l - 6, -d + 3*l = y. Suppose -3*i - 124 = -k, d*i - 3*i + 384 = 3*k. Is